18)/18)/(t/3). Let s = -33 - g. List the prime factors of s.
2, 5
Let z be (-47)/(1 - (-4 + 4)). Let r be z/(-6) + 13/78. Let d(n) = n**3 - 7*n**2 - 3*n + 11. What are the prime factors of d(r)?
3, 17
Suppose 29 = -5*i - 3*b, 2*b - 8 = 4*i + 24. Let u(j) = 5*j**2 - 11*j - 4*j**2 - 2*j**2 - 9. List the prime factors of u(i).
19
What are the prime factors of 321 + -3 + (4 - -4)?
2, 163
List the prime factors of 1912/((-26)/(-143) - 7/(-22)).
2, 239
Suppose 10*r + 1158 + 362 = 0. Let h = -50 - r. List the prime factors of h.
2, 3, 17
Suppose 0 = -8*a + 4*a. Suppose -4*s + a*k = -k - 245, -2*k - 10 = 0. What are the prime factors of s?
2, 3, 5
Suppose -4*t + 220 = 624. Let b = 222 + t. What are the prime factors of b?
11
Let i(r) = 3*r + 5*r + 1 - 6. Let h be i(-5). List the prime factors of 98/10 - 9/h.
2, 5
Suppose -14*g + t - 2358 = -17*g, 3149 = 4*g + 3*t. What are the prime factors of g?
5, 157
Let p be -3*(-2)/12*68. Let s be 4/20 + 132/15. Suppose r + s - p = 0. What are the prime factors of r?
5
Let i(m) = m**3 - 4*m**2 - 5*m + 4. Let z be i(5). Suppose 5*h + 239 = z*o, 5*o + 5*h = 86 + 224. List the prime factors of o.
61
Let a be (-45)/10*(-4)/6. Suppose a*o - 8*o = -5. What are the prime factors of o/3 + 22/6?
2
Let i(j) = -3*j**3 + 15*j**2 - 3*j + 19. Let c(z) = 2*z**3 - 14*z**2 + 2*z - 18. Let f(x) = 5*c(x) + 4*i(x). List the prime factors of f(-6).
2, 5, 7
Let b(w) = 5*w**3 - 24*w**2 + 2*w + 1. List the prime factors of b(6).
229
Suppose 5*m + 35 - 5 = 0. List the prime factors of 453/m*-2*(2 - 1).
151
Let x(o) = 4*o**2 + 4*o - 34. Let z be 38/5 - (-12)/(-20). What are the prime factors of x(z)?
2, 5, 19
Suppose 3*d + r - 212 = 3*r, -4*d + 5*r + 292 = 0. Suppose -10 = -2*l, -2*s + 5*l + 35 + d = 0. What are the prime factors of s?
2
Suppose -7*v - 3*x + 522 = -5*v, 3*v - 783 = -5*x. What are the prime factors of v?
3, 29
Suppose 228*l - 201*l = 23166. What are the prime factors of l?
2, 3, 11, 13
Let r = -23 - -17. List the prime factors of -2*(45/r - -1).
13
Let z = -11 + 14. Suppose 0 = -o + 2*o - 5, 5*g + z*o - 25 = 0. Suppose -4*k = -3*x + 116, -k + 6*k - 108 = -g*x. What are the prime factors of x?
2, 11
Suppose -3 = -3*l - 6. Let w be (0/l)/(3 + -1). Suppose 2*o - 33 - 39 = w. List the prime factors of o.
2, 3
Let q be (-2 + -1)/((-3)/(-33)). Let o be q/(-44) - 21/(-4). Suppose -2 = -2*u + o. What are the prime factors of u?
2
Let r be 4/(-10) - 6/(-15). Suppose k + k + x + 98 = r, -3*x + 234 = -5*k. List the prime factors of k/15*(-2 - 8).
2
Let i(k) = 75*k**3 + 1 - 8*k**3 + 75*k**3. Let n be i(1). Suppose 4*q - 132 = -2*f, 6*q = q + 3*f + n. List the prime factors of q.
31
Let d = -262 + 415. Suppose -257 = -5*g - 3*h - 10, -3*h = -3*g + d. Suppose 3*n + 2*i - 106 = 0, g - 8 = n - i. List the prime factors of n.
2, 19
Suppose -4*m = -5 - 11. Suppose -o - 42 + 242 = -u, 2*o - 3*u = 404. Suppose -2*g + g + 202 = m*a, o = 4*a - 2*g. List the prime factors of a.
2, 5
Suppose -3*u + i + 708 = -465, -782 = -2*u - 4*i. What are the prime factors of -2 + (-2)/6 + u/3?
2
Let h = -134 + 201. Let l = h + -17. What are the prime factors of l?
2, 5
Suppose 0 = 334*n - 338*n + 3920. What are the prime factors of n?
2, 5, 7
Suppose 2317 = 5*a + 3*q, 2*a + 18 = 4*q + 950. List the prime factors of a.
2, 29
Suppose 730*g + 2405 = 743*g. What are the prime factors of g?
5, 37
Let b be (-8)/(-4)*3/(-1). Let k(i) = -i**2 - 8*i - 9. Let q be k(b). Suppose 6 = -2*p + q*v + 33, 5*p - 2*v - 84 = 0. What are the prime factors of p?
2, 3
Suppose 6501 = 22*a - 11033. What are the prime factors of a?
797
Let n be ((-2)/(-7))/(3/21). What are the prime factors of n/(-10) - 1042/(-10)?
2, 13
Suppose -15270 = -5*j - 4*l, 6*j + 3*l = 4*j + 6115. List the prime factors of j.
2, 5, 61
Let m(z) = 8*z - 2. Let v(y) = y - 1. Let j(g) = 2*m(g) - 6*v(g). Let p = 9 - 7. List the prime factors of j(p).
2, 11
Let i(r) = r + 3*r + 3*r - 4. Let b be (-3 + 75/20)/((-1)/(-4)). List the prime factors of i(b).
17
Let t = 1589 + -1014. What are the prime factors of t?
5, 23
Let a(z) = -z**3 + 5*z**2 + 7*z - 1. Let c(m) = 10*m - 35. Let r be c(4). List the prime factors of a(r).
2, 17
Let b = 4031 - 554. List the prime factors of b.
3, 19, 61
What are the prime factors of 4993 - (-11)/(77/84)?
5, 7, 11, 13
Let u(g) = -5*g - 25. Let l be 28/(-3)*9/6. What are the prime factors of u(l)?
3, 5
What are the prime factors of ((-845)/13)/(-13) - (-5626)/2?
2, 1409
List the prime factors of (-3)/15 + 13/((-260)/(-6384)).
11, 29
Let g(f) be the second derivative of f**4/24 + f**3/6 + 5*f**2/2 - 4*f. Let x(n) be the first derivative of g(n). What are the prime factors of x(8)?
3
Suppose -s = -3*s + 4*q + 6042, s + q = 3024. List the prime factors of s.
3023
Let j be (2/(-4))/(6/(-48)). Suppose 105 = -j*n - 3*m, -3*n + 0*m = 3*m + 75. List the prime factors of ((-10)/n)/((-2)/(-48)).
2
Let n(g) = -6*g + 1. Let l be n(2). Suppose -52 = -6*w + 4*w. Let r = l + w. List the prime factors of r.
3, 5
Suppose 952*l = 949*l + 711. List the prime factors of l.
3, 79
Suppose -10*b - 158 = -12*b. What are the prime factors of b?
79
What are the prime factors of 3844/6*3/(-2)*-5?
5, 31
List the prime factors of (-7)/(126/1329)*-6.
443
Let s = 771 - -103. Suppose -6*d + 3*x = -d - 1106, -4*d - 3*x = -s. Suppose 5*o - 2*q - d = 2*o, 2*q = -3*o + 224. List the prime factors of o.
2, 37
Let z(p) = -p**2 - 6*p + 3. Let b be z(-6). Suppose b*o = 5*s + 49, -o + 12 = 3*o + 4*s. List the prime factors of 6/24 - (-102)/o.
13
Let a be (-26)/(-4) - (-24)/(-16). Suppose b - l - 14 = 0, -a*b - 2*l + 46 = -l. What are the prime factors of b?
2, 5
Suppose 900 = 3*y + 5*x, -5*y + 2*x + 1500 = -x. Suppose 0 = -z + 11*z - y. List the prime factors of z.
2, 3, 5
Let i = -6 + 20. Let c = 10 - i. Let q(d) = -d**2 - 5*d + 1. What are the prime factors of q(c)?
5
Let s = 568 - 193. What are the prime factors of s?
3, 5
Let s be (-12)/(-16) - (-81)/(-12). Let i be (4 - 2)*(-3)/s. List the prime factors of 2 + i - 102/(-3).
37
Let m(h) = 11*h**2 + 21*h - 14. List the prime factors of m(-8).
2, 3, 29
List the prime factors of 5 + 168/(-30) + 5506/10.
2, 5, 11
Let o = 21 + -22. Let m be 1/(o - 0) - -3. Suppose 3*w + 6 - 42 = -m*t, -2*t = -4*w - 64. What are the prime factors of t?
2, 3
Let j = -29 - -39. Let n = 38 - 25. Let p = n + j. List the prime factors of p.
23
Suppose -35*v + 144607 = 6*v. What are the prime factors of v?
3527
Let n be ((-24)/(-10))/(-2*(-7)/(-280)). List the prime factors of (-4)/(-18) - n/27 - -267.
269
What are the prime factors of (-8)/6 - (-19272)/36?
2, 3, 89
Suppose -f - 24 = -3*f. Suppose -b - 1 = 2*k - 3, b = 3*k + f. What are the prime factors of b?
2, 3
Let j = -3 + 9. Suppose 0*m + j = m. What are the prime factors of m/(-10) - 88/(-5)?
17
Let x be 584/12 - 2/(-6). Let k = x - 21. What are the prime factors of k?
2, 7
Let n = 81 + 171. Suppose 0 = -4*a + 212 + n. List the prime factors of a.
2, 29
Let w(c) be the third derivative of 1/30*c**5 - 1/12*c**4 - 1/6*c**3 + 2*c**2 + 0 + 0*c. List the prime factors of w(-1).
3
Let l(z) = -3*z - 4. Let h be l(-5). Let b = 11 - h. Suppose b = -2*x + 3*c + 55, 3*c - 90 = -2*x - x. List the prime factors of x.
29
Let b be 6*3/(-9) + (-310 - -1). Let h = -119 - b. What are the prime factors of h?
2, 3
Let m(d) = d**3 - 3*d**2 - 3*d - 6. Let q be m(5). Let b = q + 87. Suppose 4*u = b - 12. What are the prime factors of u?
2, 13
Let w = -88 - -100. List the prime factors of (-118)/(-3)*w*1/4.
2, 59
Let n be -46*(-15)/10*3. List the prime factors of (n/(-6))/((-9)/6).
23
Let s(d) = -3*d**3 - 15*d**2 - 2*d + 12. List the prime factors of s(-11).
2, 7, 79
Suppose 0 = 6*j - 1345 - 191. What are the prime factors of j?
2
Suppose 5*l + 3*p = 71, 6*l = l + 4*p + 57. Suppose -l*u + 616 = -2452. What are the prime factors of u?
2, 59
Suppose -484 = -2*s + 112. Let n = -202 + s. List the prime factors of n.
2, 3
List the prime factors of -11*(12/(-12) - (201 + 1)).
7, 11, 29
Let f = -960 - -2333. List the prime factors of f.
1373
Let x be 6/5*((-3)/(-6) - -2). Let r(p) = p**2 - 2. Let i be r(3). Suppose -148 = -i*z + x*z. What are the prime factors of z?
37
Suppose -3*s - 5*o = -279 - 451, -2*s - 3*o = -485. Let b = s + -140. List the prime factors of b.
5, 1